{"id":50,"date":"2025-12-25T18:05:06","date_gmt":"2025-12-25T17:05:06","guid":{"rendered":"https:\/\/www.cuisine-vegetarienne.blog\/wp\/?page_id=50"},"modified":"2026-02-20T22:13:38","modified_gmt":"2026-02-20T21:13:38","slug":"a-propos-de","status":"publish","type":"page","link":"https:\/\/www.cuisine-vegetarienne.blog\/?page_id=50","title":{"rendered":"Mon projet"},"content":{"rendered":"\t\t<div data-elementor-type=\"wp-page\" data-elementor-id=\"50\" class=\"elementor elementor-50\">\n\t\t\t\t<div class=\"elementor-element elementor-element-6e7bb205 e-flex e-con-boxed wpr-particle-no wpr-jarallax-no wpr-parallax-no wpr-sticky-section-no e-con e-parent\" data-id=\"6e7bb205\" data-element_type=\"container\">\n\t\t\t\t\t<div class=\"e-con-inner\">\n\t\t\t\t<div class=\"elementor-element elementor-element-6a8c41f7 elementor-widget elementor-widget-text-editor\" data-id=\"6a8c41f7\" data-element_type=\"widget\" data-widget_type=\"text-editor.default\">\n\t\t\t\t\t\t\t\t\t\n<p>Ce Projet est un Blog de cuisine V\u00e9g\u00e9tarienne et de saison &#8230;.<\/p>\n\t\t\t\t\t\t\t\t<\/div>\n\t\t\t\t\t<\/div>\n\t\t\t\t<\/div>\n\t\t<div class=\"elementor-element elementor-element-0f50ca6 e-flex e-con-boxed wpr-particle-no wpr-jarallax-no wpr-parallax-no wpr-sticky-section-no e-con e-parent\" data-id=\"0f50ca6\" data-element_type=\"container\">\n\t\t\t\t\t<div class=\"e-con-inner\">\n\t\t\t\t\t<\/div>\n\t\t\t\t<\/div>\n\t\t<div class=\"elementor-element elementor-element-704ce4e e-flex e-con-boxed wpr-particle-no wpr-jarallax-no wpr-parallax-no wpr-sticky-section-no e-con e-parent\" data-id=\"704ce4e\" data-element_type=\"container\">\n\t\t\t\t\t<div class=\"e-con-inner\">\n\t\t\t\t<div class=\"elementor-element elementor-element-fca9881 elementor-widget elementor-widget-text-editor\" data-id=\"fca9881\" data-element_type=\"widget\" data-widget_type=\"text-editor.default\">\n\t\t\t\t\t\t\t\t\t<p>Bienvenue sur mon site internet, je m&rsquo;appelle Julia Hayoz . \u00c7a fait maintenant\u00a0 5 ans que je suis v\u00e9g\u00e9tarienne. J\u2019ai toujours aim\u00e9 faire de la p\u00e2tisserie avec ma maman , mais aussi la manger. Puis, je me suis int\u00e9ress\u00e9 \u00e0 la cuisine gr\u00e2ce \u00e0 ma maman et \u00e0 ma grand-maman qui sont d&rsquo;excellentes cuisini\u00e8res.\u00a0<\/p>\n<p>La cuisine me permet de partager des moments de qualit\u00e9s avec ma famille ou mes amis. J\u2019ai grandi \u00e0 la campagne entour\u00e9e d\u2019animaux, de lapins, de chats, de poneys et m\u00eame d\u2019une ch\u00e8vre. Cet amour pour les animaux et leur environnement m&rsquo;a fait devenir v\u00e9g\u00e9tarienne. Je suis la plus jeune de ma famille au sens large et j\u2019\u00e9tais la premi\u00e8re \u00e0 devenir v\u00e9g\u00e9tarienne.\u00a0<\/p>\n<p>J\u2019ai cr\u00e9\u00e9 ce site internet, pour partager mon travail, car je pense que la cuisine \u00e9volue comme la science. Je voudrais sensibiliser les personnes \u00e0 la richesse de la cuisine v\u00e9g\u00e9tarienne.<\/p>\n<p>Sur ce site internet je vais poster chaque mois 3 recettes pendant 1 an. Cela fait un total de 36 recettes. Vous trouverez aussi un calendrier avec les fruits et l\u00e9gumes de saison. Le concept est inspir\u00e9 d\u2019une influenceuse cuisine Isabelle Heikens, elle organise des repas \u00e0 th\u00e8me chaque mois de l\u2019ann\u00e9e. C\u2019est de l\u00e0 qu&rsquo;a commenc\u00e9 mon projet.\u00a0<\/p>\n<p>\u00a0<\/p>\t\t\t\t\t\t\t\t<\/div>\n\t\t\t\t\t<\/div>\n\t\t\t\t<\/div>\n\t\t\t\t<\/div>\n\t\t","protected":false},"excerpt":{"rendered":"<p>Ce Projet est un Blog de cuisine V\u00e9g\u00e9tarienne et de saison &#8230;. Bienvenue sur mon site internet, je m&rsquo;appelle Julia Hayoz . \u00c7a fait maintenant\u00a0 5 ans que je suis v\u00e9g\u00e9tarienne. J\u2019ai toujours aim\u00e9 faire de la p\u00e2tisserie avec ma maman , mais aussi la manger. Puis, je me suis int\u00e9ress\u00e9 \u00e0 la cuisine gr\u00e2ce \u00e0 ma maman et \u00e0 ma grand-maman qui sont d&rsquo;excellentes cuisini\u00e8res.\u00a0 La cuisine me permet de partager des moments de qualit\u00e9s avec ma famille ou mes amis. J\u2019ai grandi \u00e0 la campagne entour\u00e9e d\u2019animaux, de lapins, de chats, de poneys et m\u00eame d\u2019une ch\u00e8vre. Cet amour pour les animaux et leur environnement m&rsquo;a fait devenir v\u00e9g\u00e9tarienne. Je suis la plus jeune de ma famille au sens large et j\u2019\u00e9tais la premi\u00e8re \u00e0 devenir v\u00e9g\u00e9tarienne.\u00a0 J\u2019ai cr\u00e9\u00e9 ce site internet, pour partager mon travail, car je pense que la cuisine \u00e9volue comme la science. Je voudrais sensibiliser les personnes \u00e0 la richesse de la cuisine v\u00e9g\u00e9tarienne. Sur ce site internet je vais poster chaque mois 3 recettes pendant 1 an. Cela fait un total de 36 recettes. Vous trouverez aussi un calendrier avec les fruits et l\u00e9gumes de saison. Le concept est inspir\u00e9 d\u2019une influenceuse cuisine Isabelle Heikens, elle organise des repas \u00e0 th\u00e8me chaque mois de l\u2019ann\u00e9e. C\u2019est de l\u00e0 qu&rsquo;a commenc\u00e9 mon projet.\u00a0<\/p>\n","protected":false},"author":1,"featured_media":0,"parent":0,"menu_order":0,"comment_status":"closed","ping_status":"closed","template":"","meta":{"site-sidebar-layout":"default","site-content-layout":"","ast-site-content-layout":"default","site-content-style":"default","site-sidebar-style":"default","ast-global-header-display":"","ast-banner-title-visibility":"","ast-main-header-display":"","ast-hfb-above-header-display":"","ast-hfb-below-header-display":"","ast-hfb-mobile-header-display":"","site-post-title":"","ast-breadcrumbs-content":"","ast-featured-img":"","footer-sml-layout":"","ast-disable-related-posts":"","theme-transparent-header-meta":"","adv-header-id-meta":"","stick-header-meta":"","header-above-stick-meta":"","header-main-stick-meta":"","header-below-stick-meta":"","astra-migrate-meta-layouts":"default","ast-page-background-enabled":"default","ast-page-background-meta":{"desktop":{"background-color":"var(--ast-global-color-5)","background-image":"","background-repeat":"repeat","background-position":"center center","background-size":"auto","background-attachment":"scroll","background-type":"","background-media":"","overlay-type":"","overlay-color":"","overlay-opacity":"","overlay-gradient":""},"tablet":{"background-color":"","background-image":"","background-repeat":"repeat","background-position":"center center","background-size":"auto","background-attachment":"scroll","background-type":"","background-media":"","overlay-type":"","overlay-color":"","overlay-opacity":"","overlay-gradient":""},"mobile":{"background-color":"","background-image":"","background-repeat":"repeat","background-position":"center center","background-size":"auto","background-attachment":"scroll","background-type":"","background-media":"","overlay-type":"","overlay-color":"","overlay-opacity":"","overlay-gradient":""}},"ast-content-background-meta":{"desktop":{"background-color":"var(--ast-global-color-4)","background-image":"","background-repeat":"repeat","background-position":"center center","background-size":"auto","background-attachment":"scroll","background-type":"","background-media":"","overlay-type":"","overlay-color":"","overlay-opacity":"","overlay-gradient":""},"tablet":{"background-color":"var(--ast-global-color-4)","background-image":"","background-repeat":"repeat","background-position":"center center","background-size":"auto","background-attachment":"scroll","background-type":"","background-media":"","overlay-type":"","overlay-color":"","overlay-opacity":"","overlay-gradient":""},"mobile":{"background-color":"var(--ast-global-color-4)","background-image":"","background-repeat":"repeat","background-position":"center center","background-size":"auto","background-attachment":"scroll","background-type":"","background-media":"","overlay-type":"","overlay-color":"","overlay-opacity":"","overlay-gradient":""}},"footnotes":""},"class_list":["post-50","page","type-page","status-publish","hentry"],"_links":{"self":[{"href":"https:\/\/www.cuisine-vegetarienne.blog\/index.php?rest_route=\/wp\/v2\/pages\/50","targetHints":{"allow":["GET"]}}],"collection":[{"href":"https:\/\/www.cuisine-vegetarienne.blog\/index.php?rest_route=\/wp\/v2\/pages"}],"about":[{"href":"https:\/\/www.cuisine-vegetarienne.blog\/index.php?rest_route=\/wp\/v2\/types\/page"}],"author":[{"embeddable":true,"href":"https:\/\/www.cuisine-vegetarienne.blog\/index.php?rest_route=\/wp\/v2\/users\/1"}],"replies":[{"embeddable":true,"href":"https:\/\/www.cuisine-vegetarienne.blog\/index.php?rest_route=%2Fwp%2Fv2%2Fcomments&post=50"}],"version-history":[{"count":10,"href":"https:\/\/www.cuisine-vegetarienne.blog\/index.php?rest_route=\/wp\/v2\/pages\/50\/revisions"}],"predecessor-version":[{"id":425,"href":"https:\/\/www.cuisine-vegetarienne.blog\/index.php?rest_route=\/wp\/v2\/pages\/50\/revisions\/425"}],"wp:attachment":[{"href":"https:\/\/www.cuisine-vegetarienne.blog\/index.php?rest_route=%2Fwp%2Fv2%2Fmedia&parent=50"}],"curies":[{"name":"wp","href":"https:\/\/api.w.org\/{rel}","templated":true}]}}

<div data-elementor-type="wp-page" data-elementor-id="50" class="elementor elementor-50">
				<div class="elementor-element elementor-element-6e7bb205 e-flex e-con-boxed wpr-particle-no wpr-jarallax-no wpr-parallax-no wpr-sticky-section-no e-con e-parent" data-id="6e7bb205" data-element_type="container">
					<div class="e-con-inner">
				<div class="elementor-element elementor-element-6a8c41f7 elementor-widget elementor-widget-text-editor" data-id="6a8c41f7" data-element_type="widget" data-widget_type="text-editor.default">
									
<p>Ce Projet est un Blog de cuisine Végétarienne et de saison &#8230;.</p>
								</div>
					</div>
				</div>
		<div class="elementor-element elementor-element-0f50ca6 e-flex e-con-boxed wpr-particle-no wpr-jarallax-no wpr-parallax-no wpr-sticky-section-no e-con e-parent" data-id="0f50ca6" data-element_type="container">
					<div class="e-con-inner">
					</div>
				</div>
		<div class="elementor-element elementor-element-704ce4e e-flex e-con-boxed wpr-particle-no wpr-jarallax-no wpr-parallax-no wpr-sticky-section-no e-con e-parent" data-id="704ce4e" data-element_type="container">
					<div class="e-con-inner">
				<div class="elementor-element elementor-element-fca9881 elementor-widget elementor-widget-text-editor" data-id="fca9881" data-element_type="widget" data-widget_type="text-editor.default">
									<p>Bienvenue sur mon site internet, je m&rsquo;appelle Julia Hayoz . Ça fait maintenant  5 ans que je suis végétarienne. J’ai toujours aimé faire de la pâtisserie avec ma maman , mais aussi la manger. Puis, je me suis intéressé à la cuisine grâce à ma maman et à ma grand-maman qui sont d&rsquo;excellentes cuisinières. </p>
<p>La cuisine me permet de partager des moments de qualités avec ma famille ou mes amis. J’ai grandi à la campagne entourée d’animaux, de lapins, de chats, de poneys et même d’une chèvre. Cet amour pour les animaux et leur environnement m&rsquo;a fait devenir végétarienne. Je suis la plus jeune de ma famille au sens large et j’étais la première à devenir végétarienne. </p>
<p>J’ai créé ce site internet, pour partager mon travail, car je pense que la cuisine évolue comme la science. Je voudrais sensibiliser les personnes à la richesse de la cuisine végétarienne.</p>
<p>Sur ce site internet je vais poster chaque mois 3 recettes pendant 1 an. Cela fait un total de 36 recettes. Vous trouverez aussi un calendrier avec les fruits et légumes de saison. Le concept est inspiré d’une influenceuse cuisine Isabelle Heikens, elle organise des repas à thème chaque mois de l’année. C’est de là qu&rsquo;a commencé mon projet. </p>
<p> </p>								</div>
					</div>
				</div>
				</div>

<p>Ce Projet est un Blog de cuisine Végétarienne et de saison &#8230;. Bienvenue sur mon site internet, je m&rsquo;appelle Julia Hayoz . Ça fait maintenant  5 ans que je suis végétarienne. J’ai toujours aimé faire de la pâtisserie avec ma maman , mais aussi la manger. Puis, je me suis intéressé à la cuisine grâce à ma maman et à ma grand-maman qui sont d&rsquo;excellentes cuisinières.  La cuisine me permet de partager des moments de qualités avec ma famille ou mes amis. J’ai grandi à la campagne entourée d’animaux, de lapins, de chats, de poneys et même d’une chèvre. Cet amour pour les animaux et leur environnement m&rsquo;a fait devenir végétarienne. Je suis la plus jeune de ma famille au sens large et j’étais la première à devenir végétarienne.  J’ai créé ce site internet, pour partager mon travail, car je pense que la cuisine évolue comme la science. Je voudrais sensibiliser les personnes à la richesse de la cuisine végétarienne. Sur ce site internet je vais poster chaque mois 3 recettes pendant 1 an. Cela fait un total de 36 recettes. Vous trouverez aussi un calendrier avec les fruits et légumes de saison. Le concept est inspiré d’une influenceuse cuisine Isabelle Heikens, elle organise des repas à thème chaque mois de l’année. C’est de là qu&rsquo;a commencé mon projet. </p>
